{"id":26,"date":"2018-03-28T17:26:19","date_gmt":"2018-03-28T20:26:19","guid":{"rendered":"http:\/\/localhost\/ssplace\/?page_id=26"},"modified":"2018-08-08T10:28:18","modified_gmt":"2018-08-08T13:28:18","slug":"sobre","status":"publish","type":"page","link":"https:\/\/santanasolutions.com.br\/marketplace\/sobre\/","title":{"rendered":""},"content":{"rendered":"<div id=\"pl-26\"  class=\"panel-layout\" ><div id=\"pg-26-0\"  class=\"panel-grid panel-has-style\" ><div class=\"panel-row-style panel-row-style-for-26-0\" ><div id=\"pgc-26-0-0\"  class=\"panel-grid-cell panel-grid-cell-mobile-last\" ><div id=\"panel-26-0-0-0\" class=\"so-panel widget widget_sow-headline panel-first-child panel-last-child\" data-index=\"0\" ><div\n\t\t\t\n\t\t\tclass=\"so-widget-sow-headline so-widget-sow-headline-default-4f545122ec53-26\"\n\t\t\t\n\t\t><div class=\"sow-headline-container \">\n\t\t\t\t\t\t\t<h1 class=\"sow-headline\">\n\t\t\t\t\t\tPor que desenvolvemos?\t\t\t\t\t\t<\/h1>\n\t\t\t\t\t\t\t\t\t\t\t\t<p class=\"sow-sub-headline\">\n\t\t\t\t\t\tCom a experi\u00eancia de mais de 100 projetos aprovados na ECT, a SS reuniu os melhores fornecedores, com produtos de qualidade, que cumpriram com suas garantias e prazos da \u00faltima licita\u00e7\u00e3o e que realmente demonstraram comprometimento e responsabilidade, al\u00e9m de atribuir fabricantes de consum\u00edveis de produtos sem necessidade de homologa\u00e7\u00e3o da ECT em um ambiente de neg\u00f3cio B2B para facilitar suas aquisi\u00e7\u00f5es e suporte.\t\t\t\t\t\t<\/p>\n\t\t\t\t\t\t<\/div>\n<\/div><\/div><\/div><div id=\"pgc-26-0-1\"  class=\"panel-grid-cell panel-grid-cell-empty\" ><\/div><\/div><\/div><div id=\"pg-26-1\"  class=\"panel-grid panel-has-style\" ><div class=\"siteorigin-panels-stretch panel-row-style panel-row-style-for-26-1\" data-stretch-type=\"full\" ><div id=\"pgc-26-1-0\"  class=\"panel-grid-cell panel-grid-cell-empty\" ><\/div><div id=\"pgc-26-1-1\"  class=\"panel-grid-cell\" ><div id=\"panel-26-1-1-0\" class=\"so-panel widget widget_sow-headline panel-first-child panel-last-child\" data-index=\"1\" ><div\n\t\t\t\n\t\t\tclass=\"so-widget-sow-headline so-widget-sow-headline-default-6a6c8b72bc68-26\"\n\t\t\t\n\t\t><div class=\"sow-headline-container \">\n\t\t\t\t\t\t\t<h1 class=\"sow-headline\">\n\t\t\t\t\t\tObjetivo\t\t\t\t\t\t<\/h1>\n\t\t\t\t\t\t\t\t\t\t\t\t<p class=\"sow-sub-headline\">\n\t\t\t\t\t\tNosso principal objetivo \u00e9 homologar os melhores fornecedores do mercado para fornecer seus produtos e servi\u00e7os com qualidade, otimizando tempo, custos e desenvolvimento da sua ag\u00eancia. Ao longo de 7 anos recebemos uma demanda de produtos e servi\u00e7os atrav\u00e9s de e-mail e telefone, que impactam na confec\u00e7\u00e3o de or\u00e7amento, encaminhamento de e-mails, algumas vezes demoram a chegar ou nem chegam por diversos fatores como controle de SPAM, Caixa de e-mail cheia, blacklists, dentre outros fatores. Todos estes processos geram trabalho e custos tanto para a AGF quanto para a Santana Solutions e fornecedores. \t\t\t\t\t\t<\/p>\n\t\t\t\t\t\t<\/div>\n<\/div><\/div><\/div><\/div><\/div><div id=\"pg-26-2\"  class=\"panel-grid panel-has-style\" ><div class=\"panel-row-style panel-row-style-for-26-2\" ><div id=\"pgc-26-2-0\"  class=\"panel-grid-cell panel-grid-cell-mobile-last\" ><div id=\"panel-26-2-0-0\" class=\"so-panel widget widget_sow-headline panel-first-child panel-last-child\" data-index=\"2\" ><div\n\t\t\t\n\t\t\tclass=\"so-widget-sow-headline so-widget-sow-headline-default-4f545122ec53-26\"\n\t\t\t\n\t\t><div class=\"sow-headline-container \">\n\t\t\t\t\t\t\t<h1 class=\"sow-headline\">\n\t\t\t\t\t\tA plataforma\t\t\t\t\t\t<\/h1>\n\t\t\t\t\t\t\t\t\t\t\t\t<p class=\"sow-sub-headline\">\n\t\t\t\t\t\tNeste ambiente de neg\u00f3cio voc\u00ea poder\u00e1 trocar mensagem com o fornecedor, para otimizar tempo com busca, cota\u00e7\u00e3o, aprova\u00e7\u00e3o de or\u00e7amento, al\u00e9m de evitar aquisi\u00e7\u00e3o de produtos n\u00e3o homologados, que geram preju\u00edzo. Al\u00e9m de fornecer suporte e servi\u00e7os com tecnologia de ponta vivenciada em S\u00e3o Paulo.\t\t\t\t\t\t<\/p>\n\t\t\t\t\t\t<\/div>\n<\/div><\/div><\/div><div id=\"pgc-26-2-1\"  class=\"panel-grid-cell panel-grid-cell-empty\" ><\/div><\/div><\/div><\/div>","protected":false},"excerpt":{"rendered":"<p>Por que desenvolvemos? Com a experi\u00eancia de mais de 100 projetos aprovados na ECT, a SS reuniu os melhores fornecedores, com produtos de qualidade, que cumpriram com suas garantias e prazos da \u00faltima licita\u00e7\u00e3o e que realmente demonstraram comprometimento e responsabilidade, al\u00e9m de atribuir fabricantes de consum\u00edveis de produtos sem necessidade de homologa\u00e7\u00e3o da ECT [&hellip;]<\/p>\n","protected":false},"author":1,"featured_media":0,"parent":0,"menu_order":0,"comment_status":"closed","ping_status":"closed","template":"template-fullwidth.php","meta":{"footnotes":""},"class_list":["post-26","page","type-page","status-publish","hentry"],"_links":{"self":[{"href":"https:\/\/santanasolutions.com.br\/marketplace\/wp-json\/wp\/v2\/pages\/26","targetHints":{"allow":["GET"]}}],"collection":[{"href":"https:\/\/santanasolutions.com.br\/marketplace\/wp-json\/wp\/v2\/pages"}],"about":[{"href":"https:\/\/santanasolutions.com.br\/marketplace\/wp-json\/wp\/v2\/types\/page"}],"author":[{"embeddable":true,"href":"https:\/\/santanasolutions.com.br\/marketplace\/wp-json\/wp\/v2\/users\/1"}],"replies":[{"embeddable":true,"href":"https:\/\/santanasolutions.com.br\/marketplace\/wp-json\/wp\/v2\/comments?post=26"}],"version-history":[{"count":23,"href":"https:\/\/santanasolutions.com.br\/marketplace\/wp-json\/wp\/v2\/pages\/26\/revisions"}],"predecessor-version":[{"id":2802,"href":"https:\/\/santanasolutions.com.br\/marketplace\/wp-json\/wp\/v2\/pages\/26\/revisions\/2802"}],"wp:attachment":[{"href":"https:\/\/santanasolutions.com.br\/marketplace\/wp-json\/wp\/v2\/media?parent=26"}],"curies":[{"name":"wp","href":"https:\/\/api.w.org\/{rel}","templated":true}]}}