{"id":2404,"date":"2018-06-22T16:28:27","date_gmt":"2018-06-22T19:28:27","guid":{"rendered":"http:\/\/santanasolutions.com.br\/marketplace\/loja\/sem%20categoria\/piso-tatil-direcional-pvc\/"},"modified":"2026-01-15T12:32:11","modified_gmt":"2026-01-15T15:32:11","slug":"piso-tatil-direcional-pvc","status":"publish","type":"product","link":"https:\/\/santanasolutions.com.br\/marketplace\/loja\/acessibilidade\/piso-tatil-direcional-pvc\/","title":{"rendered":"Piso T\u00e1til Alerta &#8211; PVC"},"content":{"rendered":"<p><strong>Medidas:<\/strong>\u00a0250 x 250 x 0,5 mm<\/p>\n<p><strong>Mat\u00e9ria Prima:<\/strong>\u00a0PVC Cloreto de vinila com aditivo U.V<\/p>\n<p><strong>Instala\u00e7\u00e3o:<\/strong>\u00a0Cola de contato<\/p>\n<p><strong>Modelo:<\/strong>\u00a0Direcional<\/p>\n<p><strong>Cores do produto:\u00a0 <\/strong>Azul, Amarelo, Cinza e Preto.<\/p>\n<p><strong>Quantidade p\/ caixa:<\/strong>\u00a040 p\u00e7s<\/p>\n<p><strong>Peso\/Caixa:<\/strong>\u00a011kg<\/p>\n<p><strong>Peso p\/ pe\u00e7a:<\/strong>\u00a00,252 kg<\/p>\n<p><strong>Atende Norma:<\/strong>\u00a0NBR 16537\/ 2016<\/p>\n<p>&nbsp;<\/p>\n<p>&nbsp;<\/p>\n<p><strong>PEDIDO MINIMO 10 PE\u00c7AS\u00a0<\/strong><\/p>\n","protected":false},"excerpt":{"rendered":"<p>O Piso T\u00e1til Direcional de PVC auxilia o deficiente visual e a pessoa de baixa vis\u00e3o a percorrer por ambientes internos com maior autonomia. \u00c9 utilizado para direcionar\/ sinalizar: caminhos para seu deslocamento, como corredores, p\u00e1tios, recep\u00e7\u00e3o e salas. A cor do piso t\u00e1til direcional deve ser sempre contrastante com o piso j\u00e1 existente de onde ser\u00e1 instalado, conforme a norma NBR 16537\/ 2016.<\/p>\n","protected":false},"featured_media":3470,"comment_status":"open","ping_status":"closed","template":"","meta":[],"product_brand":[],"product_cat":[69],"product_tag":[106,109,104,352,349],"class_list":{"0":"post-2404","1":"product","2":"type-product","3":"status-publish","4":"has-post-thumbnail","6":"product_cat-acessibilidade","7":"product_tag-piso-para-cego","8":"product_tag-piso-podotatil","9":"product_tag-piso-tatil","10":"product_tag-piso-tatil-direcional-2","11":"product_tag-piso-tatil-pvc-2","12":"product_shipping_class-ss","13":"dc_vendor_shop-vendas1","15":"first","16":"onbackorder","17":"shipping-taxable","18":"purchasable","19":"product-type-simple"},"_links":{"self":[{"href":"https:\/\/santanasolutions.com.br\/marketplace\/wp-json\/wp\/v2\/product\/2404","targetHints":{"allow":["GET"]}}],"collection":[{"href":"https:\/\/santanasolutions.com.br\/marketplace\/wp-json\/wp\/v2\/product"}],"about":[{"href":"https:\/\/santanasolutions.com.br\/marketplace\/wp-json\/wp\/v2\/types\/product"}],"replies":[{"embeddable":true,"href":"https:\/\/santanasolutions.com.br\/marketplace\/wp-json\/wp\/v2\/comments?post=2404"}],"wp:featuredmedia":[{"embeddable":true,"href":"https:\/\/santanasolutions.com.br\/marketplace\/wp-json\/wp\/v2\/media\/3470"}],"wp:attachment":[{"href":"https:\/\/santanasolutions.com.br\/marketplace\/wp-json\/wp\/v2\/media?parent=2404"}],"wp:term":[{"taxonomy":"product_brand","embeddable":true,"href":"https:\/\/santanasolutions.com.br\/marketplace\/wp-json\/wp\/v2\/product_brand?post=2404"},{"taxonomy":"product_cat","embeddable":true,"href":"https:\/\/santanasolutions.com.br\/marketplace\/wp-json\/wp\/v2\/product_cat?post=2404"},{"taxonomy":"product_tag","embeddable":true,"href":"https:\/\/santanasolutions.com.br\/marketplace\/wp-json\/wp\/v2\/product_tag?post=2404"}],"curies":[{"name":"wp","href":"https:\/\/api.w.org\/{rel}","templated":true}]}}