{"id":2406,"date":"2018-06-25T09:58:37","date_gmt":"2018-06-25T12:58:37","guid":{"rendered":"http:\/\/santanasolutions.com.br\/marketplace\/loja\/sem%20categoria\/faixa-de-sinalizacao-para-degrau-fotoluminescente\/"},"modified":"2024-07-16T17:21:13","modified_gmt":"2024-07-16T20:21:13","slug":"faixa-de-sinalizacao-para-degrau-fotoluminescente","status":"publish","type":"product","link":"https:\/\/santanasolutions.com.br\/marketplace\/loja\/acessibilidade\/faixa-de-sinalizacao-para-degrau-fotoluminescente\/","title":{"rendered":"Faixa de Sinaliza\u00e7\u00e3o para Degrau Fotoluminescente"},"content":{"rendered":"<p><strong>Medidas :<\/strong>\u00a020 x 3 cm<\/p>\n<p><strong>Mat\u00e9ria Prima:<\/strong>\u00a0Policarbonato<\/p>\n<p><strong>Instala\u00e7\u00e3o:<\/strong>\u00a0adesivo dupla-face<\/p>\n<p><strong>Modelo:<\/strong>\u00a0Fotoluminescente<\/p>\n<p><strong>Cor:\u00a0 Amarelo<\/strong><\/p>\n<p><strong>Atende Norma:<\/strong> NBR 9050\/2015<\/p>\n<p><strong>Prazo de envio: <\/strong>3 dias \u00fateis<\/p>\n","protected":false},"excerpt":{"rendered":"<p>Em conformidades com a norma NBR 9050\/ 2015, as faixas de sinaliza\u00e7\u00e3o fotoluminescente para degrau s\u00e3o um tipo de dispositivo de seguran\u00e7a que sinaliza degraus de escadas, prevenindo quedas ou trope\u00e7\u00f5es, alertando tamb\u00e9m onde h\u00e1 degraus em locais com baixa ilumina\u00e7\u00e3o.<\/p>\n","protected":false},"featured_media":4629,"comment_status":"open","ping_status":"closed","template":"","meta":[],"product_brand":[],"product_cat":[69],"product_tag":[],"class_list":{"0":"post-2406","1":"product","2":"type-product","3":"status-publish","4":"has-post-thumbnail","6":"product_cat-acessibilidade","7":"product_shipping_class-ss","8":"dc_vendor_shop-vendas1","10":"first","11":"instock","12":"shipping-taxable","13":"purchasable","14":"product-type-simple"},"_links":{"self":[{"href":"https:\/\/santanasolutions.com.br\/marketplace\/wp-json\/wp\/v2\/product\/2406","targetHints":{"allow":["GET"]}}],"collection":[{"href":"https:\/\/santanasolutions.com.br\/marketplace\/wp-json\/wp\/v2\/product"}],"about":[{"href":"https:\/\/santanasolutions.com.br\/marketplace\/wp-json\/wp\/v2\/types\/product"}],"replies":[{"embeddable":true,"href":"https:\/\/santanasolutions.com.br\/marketplace\/wp-json\/wp\/v2\/comments?post=2406"}],"wp:featuredmedia":[{"embeddable":true,"href":"https:\/\/santanasolutions.com.br\/marketplace\/wp-json\/wp\/v2\/media\/4629"}],"wp:attachment":[{"href":"https:\/\/santanasolutions.com.br\/marketplace\/wp-json\/wp\/v2\/media?parent=2406"}],"wp:term":[{"taxonomy":"product_brand","embeddable":true,"href":"https:\/\/santanasolutions.com.br\/marketplace\/wp-json\/wp\/v2\/product_brand?post=2406"},{"taxonomy":"product_cat","embeddable":true,"href":"https:\/\/santanasolutions.com.br\/marketplace\/wp-json\/wp\/v2\/product_cat?post=2406"},{"taxonomy":"product_tag","embeddable":true,"href":"https:\/\/santanasolutions.com.br\/marketplace\/wp-json\/wp\/v2\/product_tag?post=2406"}],"curies":[{"name":"wp","href":"https:\/\/api.w.org\/{rel}","templated":true}]}}