{"id":2716,"date":"2018-07-19T10:14:52","date_gmt":"2018-07-19T13:14:52","guid":{"rendered":"http:\/\/santanasolutions.com.br\/marketplace\/loja\/sem%20categoria\/cad-27b-erg\/"},"modified":"2026-01-15T12:29:32","modified_gmt":"2026-01-15T15:29:32","slug":"cad-27b-erg","status":"publish","type":"product","link":"https:\/\/santanasolutions.com.br\/marketplace\/loja\/mobiliarios\/cad-27b-erg\/","title":{"rendered":"Cadeira para AGF &#8211; CAD 27B ERG"},"content":{"rendered":"<p>CADEIRA DE ESPALDAR BAIXO PARA AG\u00caNCIAS, ou conforme defini\u00e7\u00e3o da NBR 13962, cadeira girat\u00f3ria operacional com encosto (ou espaldar)<br \/>\nbaixo, constitu\u00edda de encosto, com ponto de apoio lombar e inclina\u00e7\u00e3o regul\u00e1veis, assento com altura regul\u00e1vel, apoio de bra\u00e7os, com altura e dist\u00e2ncia regul\u00e1veis e base dotada de 05 rod\u00edzios duplos.<\/p>\n<p>P<strong>razo de fabrica\u00e7\u00e3o e entrega estimado: 30 dias<\/strong><\/p>\n","protected":false},"excerpt":{"rendered":"<p>CADEIRA DE ESPALDAR BAIXO PARA AG\u00caNCIAS, ou conforme defini\u00e7\u00e3o da NBR 13962, cadeira girat\u00f3ria operacional com encosto (ou espaldar)<br \/>\nbaixo, constitu\u00edda de encosto, com ponto de apoio lombar e inclina\u00e7\u00e3o regul\u00e1veis, assento com altura regul\u00e1vel, apoio de bra\u00e7os, com altura e dist\u00e2ncia regul\u00e1veis e base dotada de 05 rod\u00edzios duplos.<\/p>\n","protected":false},"featured_media":2715,"comment_status":"open","ping_status":"closed","template":"","meta":[],"product_brand":[],"product_cat":[23],"product_tag":[157,158],"class_list":{"0":"post-2716","1":"product","2":"type-product","3":"status-publish","4":"has-post-thumbnail","6":"product_cat-mobiliarios","7":"product_tag-cad27","8":"product_tag-cadeira","9":"product_shipping_class-mobiliario","10":"dc_vendor_shop-licitacoesgold","12":"first","13":"instock","14":"shipping-taxable","15":"product-type-simple"},"_links":{"self":[{"href":"https:\/\/santanasolutions.com.br\/marketplace\/wp-json\/wp\/v2\/product\/2716","targetHints":{"allow":["GET"]}}],"collection":[{"href":"https:\/\/santanasolutions.com.br\/marketplace\/wp-json\/wp\/v2\/product"}],"about":[{"href":"https:\/\/santanasolutions.com.br\/marketplace\/wp-json\/wp\/v2\/types\/product"}],"replies":[{"embeddable":true,"href":"https:\/\/santanasolutions.com.br\/marketplace\/wp-json\/wp\/v2\/comments?post=2716"}],"wp:featuredmedia":[{"embeddable":true,"href":"https:\/\/santanasolutions.com.br\/marketplace\/wp-json\/wp\/v2\/media\/2715"}],"wp:attachment":[{"href":"https:\/\/santanasolutions.com.br\/marketplace\/wp-json\/wp\/v2\/media?parent=2716"}],"wp:term":[{"taxonomy":"product_brand","embeddable":true,"href":"https:\/\/santanasolutions.com.br\/marketplace\/wp-json\/wp\/v2\/product_brand?post=2716"},{"taxonomy":"product_cat","embeddable":true,"href":"https:\/\/santanasolutions.com.br\/marketplace\/wp-json\/wp\/v2\/product_cat?post=2716"},{"taxonomy":"product_tag","embeddable":true,"href":"https:\/\/santanasolutions.com.br\/marketplace\/wp-json\/wp\/v2\/product_tag?post=2716"}],"curies":[{"name":"wp","href":"https:\/\/api.w.org\/{rel}","templated":true}]}}