{"id":2788,"date":"2018-08-07T15:53:09","date_gmt":"2018-08-07T18:53:09","guid":{"rendered":"http:\/\/santanasolutions.com.br\/marketplace\/loja\/sem%20categoria\/camisa-polo-atendimento-azul-royal\/"},"modified":"2024-10-23T10:06:00","modified_gmt":"2024-10-23T13:06:00","slug":"camisa-polo-atendimento-azul-royal","status":"publish","type":"product","link":"https:\/\/santanasolutions.com.br\/marketplace\/loja\/uniformes\/camisa-polo-atendimento-azul-royal\/","title":{"rendered":"Kit 6 Camisas P\u00f3lo Atendimento Azul Royal"},"content":{"rendered":"<p><img loading=\"lazy\" decoding=\"async\" class=\"alignnone size-medium wp-image-2878\" src=\"http:\/\/santanasolutions.com.br\/marketplace\/wp-content\/uploads\/2018\/08\/20171116_112040-300x290.jpg\" alt=\"\" width=\"300\" height=\"290\" srcset=\"https:\/\/santanasolutions.com.br\/marketplace\/wp-content\/uploads\/2018\/08\/20171116_112040-300x290.jpg 300w, https:\/\/santanasolutions.com.br\/marketplace\/wp-content\/uploads\/2018\/08\/20171116_112040-416x402.jpg 416w, https:\/\/santanasolutions.com.br\/marketplace\/wp-content\/uploads\/2018\/08\/20171116_112040-64x62.jpg 64w, https:\/\/santanasolutions.com.br\/marketplace\/wp-content\/uploads\/2018\/08\/20171116_112040-768x741.jpg 768w, https:\/\/santanasolutions.com.br\/marketplace\/wp-content\/uploads\/2018\/08\/20171116_112040.jpg 1152w\" sizes=\"auto, (max-width: 300px) 100vw, 300px\" \/><\/p>\n<p>Camisa p\u00f3lo atendimento em malha PV na cor azul Royal com logotipo no lado esquerdo do peito. PADR\u00c3O CORREIO.<\/p>\n<p><strong>PRAZO DE FABRICA\u00c7\u00c3O E ENVIO 25 dias \u00fateis.<\/strong><\/p>\n<p>&nbsp;<\/p>\n<p><strong>OBSERVA\u00c7\u00c3O: EXG e EXGG n\u00e3o est\u00e1 incluso<\/strong><\/p>\n","protected":false},"excerpt":{"rendered":"<p style=\"text-align: left;\"><img loading=\"lazy\" decoding=\"async\" class=\"alignnone size-medium wp-image-2878\" src=\"http:\/\/santanasolutions.com.br\/marketplace\/wp-content\/uploads\/2018\/08\/20171116_112040-300x290.jpg\" alt=\"\" width=\"300\" height=\"290\" srcset=\"https:\/\/santanasolutions.com.br\/marketplace\/wp-content\/uploads\/2018\/08\/20171116_112040-300x290.jpg 300w, https:\/\/santanasolutions.com.br\/marketplace\/wp-content\/uploads\/2018\/08\/20171116_112040-416x402.jpg 416w, https:\/\/santanasolutions.com.br\/marketplace\/wp-content\/uploads\/2018\/08\/20171116_112040-64x62.jpg 64w, https:\/\/santanasolutions.com.br\/marketplace\/wp-content\/uploads\/2018\/08\/20171116_112040-768x741.jpg 768w, https:\/\/santanasolutions.com.br\/marketplace\/wp-content\/uploads\/2018\/08\/20171116_112040.jpg 1152w\" sizes=\"auto, (max-width: 300px) 100vw, 300px\" \/>Camisa p\u00f3lo atendimento em malha PV na c\u00f4r azul royal.<\/p>\n","protected":false},"featured_media":2878,"comment_status":"open","ping_status":"closed","template":"","meta":[],"product_brand":[],"product_cat":[239],"product_tag":[],"class_list":{"0":"post-2788","1":"product","2":"type-product","3":"status-publish","4":"has-post-thumbnail","6":"product_cat-uniformes","7":"product_shipping_class-dare-uniformes","8":"pa_tamanho-gg","9":"pa_tamanho-g","10":"pa_tamanho-m","11":"pa_tamanho-p","12":"dc_vendor_shop-dare-uniformes","14":"first","15":"onbackorder","16":"shipping-taxable","17":"purchasable","18":"product-type-simple"},"_links":{"self":[{"href":"https:\/\/santanasolutions.com.br\/marketplace\/wp-json\/wp\/v2\/product\/2788","targetHints":{"allow":["GET"]}}],"collection":[{"href":"https:\/\/santanasolutions.com.br\/marketplace\/wp-json\/wp\/v2\/product"}],"about":[{"href":"https:\/\/santanasolutions.com.br\/marketplace\/wp-json\/wp\/v2\/types\/product"}],"replies":[{"embeddable":true,"href":"https:\/\/santanasolutions.com.br\/marketplace\/wp-json\/wp\/v2\/comments?post=2788"}],"wp:featuredmedia":[{"embeddable":true,"href":"https:\/\/santanasolutions.com.br\/marketplace\/wp-json\/wp\/v2\/media\/2878"}],"wp:attachment":[{"href":"https:\/\/santanasolutions.com.br\/marketplace\/wp-json\/wp\/v2\/media?parent=2788"}],"wp:term":[{"taxonomy":"product_brand","embeddable":true,"href":"https:\/\/santanasolutions.com.br\/marketplace\/wp-json\/wp\/v2\/product_brand?post=2788"},{"taxonomy":"product_cat","embeddable":true,"href":"https:\/\/santanasolutions.com.br\/marketplace\/wp-json\/wp\/v2\/product_cat?post=2788"},{"taxonomy":"product_tag","embeddable":true,"href":"https:\/\/santanasolutions.com.br\/marketplace\/wp-json\/wp\/v2\/product_tag?post=2788"}],"curies":[{"name":"wp","href":"https:\/\/api.w.org\/{rel}","templated":true}]}}