{"id":5294,"date":"2024-01-31T11:03:24","date_gmt":"2024-01-31T14:03:24","guid":{"rendered":"https:\/\/santanasolutions.com.br\/marketplace\/?post_type=product&#038;p=5294"},"modified":"2025-03-25T11:26:00","modified_gmt":"2025-03-25T14:26:00","slug":"placas-identificacao-agf-novo-padrao","status":"publish","type":"product","link":"https:\/\/santanasolutions.com.br\/marketplace\/loja\/geral\/placas-identificacao-agf-novo-padrao\/","title":{"rendered":"Placa Identifica\u00e7\u00e3o AGF Novo Padr\u00e3o &#8211; Priorit\u00e1rio"},"content":{"rendered":"<p>PLACA ATENDIMENTO PRIORIT\u00c1RIO NOVO PADR\u00c3O CORREIOS INCLUINDO SIMBOLO DE AUTISMO E OBESIDADE<\/p>\n<h4><strong>OBS.: PLACA PARA COLAR NA PAREDE<\/strong><\/h4>\n","protected":false},"excerpt":{"rendered":"<p>PLACA ATENDIMENTO PRIORIT\u00c1RIO NOVO PADR\u00c3O CORREIOS INCLUINDO SIMBOLO DE AUTISMO E OBESIDADE OBS.: PLACA PARA COLAR NA PAREDE<\/p>\n","protected":false},"featured_media":5429,"comment_status":"open","ping_status":"closed","template":"","meta":[],"product_brand":[],"product_cat":[15,134],"product_tag":[],"class_list":{"0":"post-5294","1":"product","2":"type-product","3":"status-publish","4":"has-post-thumbnail","6":"product_cat-geral","7":"product_cat-comunicacao-visual","8":"product_shipping_class-ss","9":"dc_vendor_shop-vendas1","11":"first","12":"instock","13":"featured","14":"shipping-taxable","15":"purchasable","16":"product-type-simple"},"_links":{"self":[{"href":"https:\/\/santanasolutions.com.br\/marketplace\/wp-json\/wp\/v2\/product\/5294","targetHints":{"allow":["GET"]}}],"collection":[{"href":"https:\/\/santanasolutions.com.br\/marketplace\/wp-json\/wp\/v2\/product"}],"about":[{"href":"https:\/\/santanasolutions.com.br\/marketplace\/wp-json\/wp\/v2\/types\/product"}],"replies":[{"embeddable":true,"href":"https:\/\/santanasolutions.com.br\/marketplace\/wp-json\/wp\/v2\/comments?post=5294"}],"wp:featuredmedia":[{"embeddable":true,"href":"https:\/\/santanasolutions.com.br\/marketplace\/wp-json\/wp\/v2\/media\/5429"}],"wp:attachment":[{"href":"https:\/\/santanasolutions.com.br\/marketplace\/wp-json\/wp\/v2\/media?parent=5294"}],"wp:term":[{"taxonomy":"product_brand","embeddable":true,"href":"https:\/\/santanasolutions.com.br\/marketplace\/wp-json\/wp\/v2\/product_brand?post=5294"},{"taxonomy":"product_cat","embeddable":true,"href":"https:\/\/santanasolutions.com.br\/marketplace\/wp-json\/wp\/v2\/product_cat?post=5294"},{"taxonomy":"product_tag","embeddable":true,"href":"https:\/\/santanasolutions.com.br\/marketplace\/wp-json\/wp\/v2\/product_tag?post=5294"}],"curies":[{"name":"wp","href":"https:\/\/api.w.org\/{rel}","templated":true}]}}